{"id":41633,"date":"2018-03-05T11:01:37","date_gmt":"2018-03-05T10:22:03","guid":{"rendered":"https:\/\/www.2twentyscooters.com\/produit\/porte-bagages-avant\/"},"modified":"2023-07-09T23:06:48","modified_gmt":"2023-07-09T21:06:48","slug":"porte-bagages-avant","status":"publish","type":"product","link":"https:\/\/www.2twentyscooters.com\/be\/produit\/porte-bagages-avant\/","title":{"rendered":"Porte bagages avant"},"content":{"rendered":"<p>Porte bagages avant pour scooter \u00e9lectrique r\u00e9tro 2Twenty Roma.<\/p>\n<p>Pour l&rsquo;installer il faut percer 2 trous dans le car\u00e9nage avant afin d&rsquo;y mettre les 2 boulons de fixation.<br \/>\nVoir photo pour l&#8217;emplacement des trous.<\/p>\n<ul>\n<li>Couleur : Chrome<\/li>\n<li>Mat\u00e9riau : Acier<\/li>\n<li>Compatibilit\u00e9 : Scooters Roma<\/li>\n<\/ul>\n<p>A noter\u00a0que le porte bagages avant est fourni avec le scooter \u00e0 la livraison (non mont\u00e9).<\/p>\n<div class=\"nv-iframe-embed\"><iframe title=\"Montage du porte-bagages avant\" width=\"1200\" height=\"675\" src=\"https:\/\/www.youtube.com\/embed\/oeiuvZ3RkO4?feature=oembed\" frameborder=\"0\" allow=\"accelerometer; autoplay; clipboard-write; encrypted-media; gyroscope; picture-in-picture\" allowfullscreen><\/iframe><\/div>\n","protected":false},"excerpt":{"rendered":"<p>Porte bagages avant pour scooter \u00e9lectrique r\u00e9tro 2Twenty Roma.<\/p>\n","protected":false},"featured_media":39677,"comment_status":"closed","ping_status":"closed","template":"","meta":[],"product_cat":[492],"product_tag":[],"yoast_head":"<!-- This site is optimized with the Yoast SEO plugin v18.4.1 - https:\/\/yoast.com\/wordpress\/plugins\/seo\/ -->\n<title>Porte bagages avant<\/title>\n<meta name=\"robots\" content=\"index, follow, max-snippet:-1, max-image-preview:large, max-video-preview:-1\" \/>\n<link rel=\"canonical\" href=\"https:\/\/www.2twentyscooters.com\/be\/produit\/porte-bagages-avant\/\" \/>\n<meta property=\"og:locale\" content=\"fr_FR\" \/>\n<meta property=\"og:type\" content=\"article\" \/>\n<meta property=\"og:title\" content=\"Porte bagages avant\" \/>\n<meta property=\"og:description\" content=\"Porte bagages avant pour scooter \u00e9lectrique r\u00e9tro 2Twenty Roma.\" \/>\n<meta property=\"og:url\" content=\"https:\/\/www.2twentyscooters.com\/be\/produit\/porte-bagages-avant\/\" \/>\n<meta property=\"og:site_name\" content=\"2Twenty Scooter \u00e9lectrique\" \/>\n<meta property=\"article:modified_time\" content=\"2023-07-09T21:06:48+00:00\" \/>\n<meta property=\"og:image\" content=\"https:\/\/www.2twentyscooters.com\/wp-content\/uploads\/2021\/01\/porte-bagage-avant-1.jpg\" \/>\n\t<meta property=\"og:image:width\" content=\"1120\" \/>\n\t<meta property=\"og:image:height\" content=\"830\" \/>\n\t<meta property=\"og:image:type\" content=\"image\/jpeg\" \/>\n<meta name=\"twitter:card\" content=\"summary\" \/>\n<meta name=\"twitter:label1\" content=\"Dur\u00e9e de lecture est.\" \/>\n\t<meta name=\"twitter:data1\" content=\"1 minute\" \/>\n<script type=\"application\/ld+json\" class=\"yoast-schema-graph\">{\"@context\":\"https:\/\/schema.org\",\"@graph\":[{\"@type\":\"Organization\",\"@id\":\"https:\/\/www.2twentyscooters.com\/en\/#organization\",\"name\":\"2twentyscooters\",\"url\":\"https:\/\/www.2twentyscooters.com\/en\/\",\"sameAs\":[],\"logo\":{\"@type\":\"ImageObject\",\"@id\":\"https:\/\/www.2twentyscooters.com\/en\/#logo\",\"inLanguage\":\"fr-BE\",\"url\":\"https:\/\/www.2twentyscooters.com\/wp-content\/uploads\/2022\/03\/2twenty-scooters-logo.png\",\"contentUrl\":\"https:\/\/www.2twentyscooters.com\/wp-content\/uploads\/2022\/03\/2twenty-scooters-logo.png\",\"width\":342,\"height\":55,\"caption\":\"2twentyscooters\"},\"image\":{\"@id\":\"https:\/\/www.2twentyscooters.com\/en\/#logo\"}},{\"@type\":\"WebSite\",\"@id\":\"https:\/\/www.2twentyscooters.com\/en\/#website\",\"url\":\"https:\/\/www.2twentyscooters.com\/en\/\",\"name\":\"2Twenty Scooter \u00e9lectrique\",\"description\":\"\",\"publisher\":{\"@id\":\"https:\/\/www.2twentyscooters.com\/en\/#organization\"},\"potentialAction\":[{\"@type\":\"SearchAction\",\"target\":{\"@type\":\"EntryPoint\",\"urlTemplate\":\"https:\/\/www.2twentyscooters.com\/en\/?s={search_term_string}\"},\"query-input\":\"required name=search_term_string\"}],\"inLanguage\":\"fr-BE\"},{\"@type\":\"ImageObject\",\"@id\":\"https:\/\/www.2twentyscooters.com\/be\/produit\/porte-bagages-avant\/#primaryimage\",\"inLanguage\":\"fr-BE\",\"url\":\"https:\/\/www.2twentyscooters.com\/wp-content\/uploads\/2021\/01\/porte-bagage-avant-1.jpg\",\"contentUrl\":\"https:\/\/www.2twentyscooters.com\/wp-content\/uploads\/2021\/01\/porte-bagage-avant-1.jpg\",\"width\":1120,\"height\":830},{\"@type\":\"WebPage\",\"@id\":\"https:\/\/www.2twentyscooters.com\/be\/produit\/porte-bagages-avant\/#webpage\",\"url\":\"https:\/\/www.2twentyscooters.com\/be\/produit\/porte-bagages-avant\/\",\"name\":\"Porte bagages avant\",\"isPartOf\":{\"@id\":\"https:\/\/www.2twentyscooters.com\/en\/#website\"},\"primaryImageOfPage\":{\"@id\":\"https:\/\/www.2twentyscooters.com\/be\/produit\/porte-bagages-avant\/#primaryimage\"},\"datePublished\":\"2018-03-05T10:22:03+00:00\",\"dateModified\":\"2023-07-09T21:06:48+00:00\",\"breadcrumb\":{\"@id\":\"https:\/\/www.2twentyscooters.com\/be\/produit\/porte-bagages-avant\/#breadcrumb\"},\"inLanguage\":\"fr-BE\",\"potentialAction\":[{\"@type\":\"ReadAction\",\"target\":[\"https:\/\/www.2twentyscooters.com\/be\/produit\/porte-bagages-avant\/\"]}]},{\"@type\":\"BreadcrumbList\",\"@id\":\"https:\/\/www.2twentyscooters.com\/be\/produit\/porte-bagages-avant\/#breadcrumb\",\"itemListElement\":[{\"@type\":\"ListItem\",\"position\":1,\"name\":\"Home\",\"item\":\"https:\/\/www.2twentyscooters.com\/be\/\"},{\"@type\":\"ListItem\",\"position\":2,\"name\":\"Boutique\",\"item\":\"https:\/\/www.2twentyscooters.com\/be\/boutique\/\"},{\"@type\":\"ListItem\",\"position\":3,\"name\":\"Pi\u00e8ces d\u00e9tach\u00e9es\",\"item\":\"https:\/\/www.2twentyscooters.com\/be\/categorie-produit\/pieces-detachees-be\/\"},{\"@type\":\"ListItem\",\"position\":4,\"name\":\"Porte bagages avant\"}]}]}<\/script>\n<!-- \/ Yoast SEO plugin. -->","yoast_head_json":{"title":"Porte bagages avant","robots":{"index":"index","follow":"follow","max-snippet":"max-snippet:-1","max-image-preview":"max-image-preview:large","max-video-preview":"max-video-preview:-1"},"canonical":"https:\/\/www.2twentyscooters.com\/be\/produit\/porte-bagages-avant\/","og_locale":"fr_FR","og_type":"article","og_title":"Porte bagages avant","og_description":"Porte bagages avant pour scooter \u00e9lectrique r\u00e9tro 2Twenty Roma.","og_url":"https:\/\/www.2twentyscooters.com\/be\/produit\/porte-bagages-avant\/","og_site_name":"2Twenty Scooter \u00e9lectrique","article_modified_time":"2023-07-09T21:06:48+00:00","og_image":[{"width":1120,"height":830,"url":"https:\/\/www.2twentyscooters.com\/wp-content\/uploads\/2021\/01\/porte-bagage-avant-1.jpg","type":"image\/jpeg"}],"twitter_card":"summary","twitter_misc":{"Dur\u00e9e de lecture est.":"1 minute"},"schema":{"@context":"https:\/\/schema.org","@graph":[{"@type":"Organization","@id":"https:\/\/www.2twentyscooters.com\/en\/#organization","name":"2twentyscooters","url":"https:\/\/www.2twentyscooters.com\/en\/","sameAs":[],"logo":{"@type":"ImageObject","@id":"https:\/\/www.2twentyscooters.com\/en\/#logo","inLanguage":"fr-BE","url":"https:\/\/www.2twentyscooters.com\/wp-content\/uploads\/2022\/03\/2twenty-scooters-logo.png","contentUrl":"https:\/\/www.2twentyscooters.com\/wp-content\/uploads\/2022\/03\/2twenty-scooters-logo.png","width":342,"height":55,"caption":"2twentyscooters"},"image":{"@id":"https:\/\/www.2twentyscooters.com\/en\/#logo"}},{"@type":"WebSite","@id":"https:\/\/www.2twentyscooters.com\/en\/#website","url":"https:\/\/www.2twentyscooters.com\/en\/","name":"2Twenty Scooter \u00e9lectrique","description":"","publisher":{"@id":"https:\/\/www.2twentyscooters.com\/en\/#organization"},"potentialAction":[{"@type":"SearchAction","target":{"@type":"EntryPoint","urlTemplate":"https:\/\/www.2twentyscooters.com\/en\/?s={search_term_string}"},"query-input":"required name=search_term_string"}],"inLanguage":"fr-BE"},{"@type":"ImageObject","@id":"https:\/\/www.2twentyscooters.com\/be\/produit\/porte-bagages-avant\/#primaryimage","inLanguage":"fr-BE","url":"https:\/\/www.2twentyscooters.com\/wp-content\/uploads\/2021\/01\/porte-bagage-avant-1.jpg","contentUrl":"https:\/\/www.2twentyscooters.com\/wp-content\/uploads\/2021\/01\/porte-bagage-avant-1.jpg","width":1120,"height":830},{"@type":"WebPage","@id":"https:\/\/www.2twentyscooters.com\/be\/produit\/porte-bagages-avant\/#webpage","url":"https:\/\/www.2twentyscooters.com\/be\/produit\/porte-bagages-avant\/","name":"Porte bagages avant","isPartOf":{"@id":"https:\/\/www.2twentyscooters.com\/en\/#website"},"primaryImageOfPage":{"@id":"https:\/\/www.2twentyscooters.com\/be\/produit\/porte-bagages-avant\/#primaryimage"},"datePublished":"2018-03-05T10:22:03+00:00","dateModified":"2023-07-09T21:06:48+00:00","breadcrumb":{"@id":"https:\/\/www.2twentyscooters.com\/be\/produit\/porte-bagages-avant\/#breadcrumb"},"inLanguage":"fr-BE","potentialAction":[{"@type":"ReadAction","target":["https:\/\/www.2twentyscooters.com\/be\/produit\/porte-bagages-avant\/"]}]},{"@type":"BreadcrumbList","@id":"https:\/\/www.2twentyscooters.com\/be\/produit\/porte-bagages-avant\/#breadcrumb","itemListElement":[{"@type":"ListItem","position":1,"name":"Home","item":"https:\/\/www.2twentyscooters.com\/be\/"},{"@type":"ListItem","position":2,"name":"Boutique","item":"https:\/\/www.2twentyscooters.com\/be\/boutique\/"},{"@type":"ListItem","position":3,"name":"Pi\u00e8ces d\u00e9tach\u00e9es","item":"https:\/\/www.2twentyscooters.com\/be\/categorie-produit\/pieces-detachees-be\/"},{"@type":"ListItem","position":4,"name":"Porte bagages avant"}]}]}},"_links":{"self":[{"href":"https:\/\/www.2twentyscooters.com\/be\/wp-json\/wp\/v2\/product\/41633"}],"collection":[{"href":"https:\/\/www.2twentyscooters.com\/be\/wp-json\/wp\/v2\/product"}],"about":[{"href":"https:\/\/www.2twentyscooters.com\/be\/wp-json\/wp\/v2\/types\/product"}],"replies":[{"embeddable":true,"href":"https:\/\/www.2twentyscooters.com\/be\/wp-json\/wp\/v2\/comments?post=41633"}],"version-history":[{"count":0,"href":"https:\/\/www.2twentyscooters.com\/be\/wp-json\/wp\/v2\/product\/41633\/revisions"}],"wp:featuredmedia":[{"embeddable":true,"href":"https:\/\/www.2twentyscooters.com\/be\/wp-json\/wp\/v2\/media\/39677"}],"wp:attachment":[{"href":"https:\/\/www.2twentyscooters.com\/be\/wp-json\/wp\/v2\/media?parent=41633"}],"wp:term":[{"taxonomy":"product_cat","embeddable":true,"href":"https:\/\/www.2twentyscooters.com\/be\/wp-json\/wp\/v2\/product_cat?post=41633"},{"taxonomy":"product_tag","embeddable":true,"href":"https:\/\/www.2twentyscooters.com\/be\/wp-json\/wp\/v2\/product_tag?post=41633"}],"curies":[{"name":"wp","href":"https:\/\/api.w.org\/{rel}","templated":true}]}}

<p>Porte bagages avant pour scooter électrique rétro 2Twenty Roma.</p>
<p>Pour l&rsquo;installer il faut percer 2 trous dans le carénage avant afin d&rsquo;y mettre les 2 boulons de fixation.<br />
Voir photo pour l&#8217;emplacement des trous.</p>
<ul>
<li>Couleur : Chrome</li>
<li>Matériau : Acier</li>
<li>Compatibilité : Scooters Roma</li>
</ul>
<p>A noter que le porte bagages avant est fourni avec le scooter à la livraison (non monté).</p>
<div class="nv-iframe-embed"><iframe title="Montage du porte-bagages avant" width="1200" height="675" src="https://www.youtube.com/embed/oeiuvZ3RkO4?feature=oembed" frameborder="0" allow="accelerometer; autoplay; clipboard-write; encrypted-media; gyroscope; picture-in-picture" allowfullscreen></iframe></div>

<p>Porte bagages avant pour scooter électrique rétro 2Twenty Roma.</p>

<!-- This site is optimized with the Yoast SEO plugin v18.4.1 - https://yoast.com/wordpress/plugins/seo/ -->
<title>Porte bagages avant</title>
<meta name="robots" content="index, follow, max-snippet:-1, max-image-preview:large, max-video-preview:-1" />
<link rel="canonical" href="https://www.2twentyscooters.com/be/produit/porte-bagages-avant/" />
<meta property="og:locale" content="fr_FR" />
<meta property="og:type" content="article" />
<meta property="og:title" content="Porte bagages avant" />
<meta property="og:description" content="Porte bagages avant pour scooter électrique rétro 2Twenty Roma." />
<meta property="og:url" content="https://www.2twentyscooters.com/be/produit/porte-bagages-avant/" />
<meta property="og:site_name" content="2Twenty Scooter électrique" />
<meta property="article:modified_time" content="2023-07-09T21:06:48+00:00" />
<meta property="og:image" content="https://www.2twentyscooters.com/wp-content/uploads/2021/01/porte-bagage-avant-1.jpg" />
	<meta property="og:image:width" content="1120" />
	<meta property="og:image:height" content="830" />
	<meta property="og:image:type" content="image/jpeg" />
<meta name="twitter:card" content="summary" />
<meta name="twitter:label1" content="Durée de lecture est." />
	<meta name="twitter:data1" content="1 minute" />
<script type="application/ld+json" class="yoast-schema-graph">{"@context":"https://schema.org","@graph":[{"@type":"Organization","@id":"https://www.2twentyscooters.com/en/#organization","name":"2twentyscooters","url":"https://www.2twentyscooters.com/en/","sameAs":[],"logo":{"@type":"ImageObject","@id":"https://www.2twentyscooters.com/en/#logo","inLanguage":"fr-BE","url":"https://www.2twentyscooters.com/wp-content/uploads/2022/03/2twenty-scooters-logo.png","contentUrl":"https://www.2twentyscooters.com/wp-content/uploads/2022/03/2twenty-scooters-logo.png","width":342,"height":55,"caption":"2twentyscooters"},"image":{"@id":"https://www.2twentyscooters.com/en/#logo"}},{"@type":"WebSite","@id":"https://www.2twentyscooters.com/en/#website","url":"https://www.2twentyscooters.com/en/","name":"2Twenty Scooter électrique","description":"","publisher":{"@id":"https://www.2twentyscooters.com/en/#organization"},"potentialAction":[{"@type":"SearchAction","target":{"@type":"EntryPoint","urlTemplate":"https://www.2twentyscooters.com/en/?s={search_term_string}"},"query-input":"required name=search_term_string"}],"inLanguage":"fr-BE"},{"@type":"ImageObject","@id":"https://www.2twentyscooters.com/be/produit/porte-bagages-avant/#primaryimage","inLanguage":"fr-BE","url":"https://www.2twentyscooters.com/wp-content/uploads/2021/01/porte-bagage-avant-1.jpg","contentUrl":"https://www.2twentyscooters.com/wp-content/uploads/2021/01/porte-bagage-avant-1.jpg","width":1120,"height":830},{"@type":"WebPage","@id":"https://www.2twentyscooters.com/be/produit/porte-bagages-avant/#webpage","url":"https://www.2twentyscooters.com/be/produit/porte-bagages-avant/","name":"Porte bagages avant","isPartOf":{"@id":"https://www.2twentyscooters.com/en/#website"},"primaryImageOfPage":{"@id":"https://www.2twentyscooters.com/be/produit/porte-bagages-avant/#primaryimage"},"datePublished":"2018-03-05T10:22:03+00:00","dateModified":"2023-07-09T21:06:48+00:00","breadcrumb":{"@id":"https://www.2twentyscooters.com/be/produit/porte-bagages-avant/#breadcrumb"},"inLanguage":"fr-BE","potentialAction":[{"@type":"ReadAction","target":["https://www.2twentyscooters.com/be/produit/porte-bagages-avant/"]}]},{"@type":"BreadcrumbList","@id":"https://www.2twentyscooters.com/be/produit/porte-bagages-avant/#breadcrumb","itemListElement":[{"@type":"ListItem","position":1,"name":"Home","item":"https://www.2twentyscooters.com/be/"},{"@type":"ListItem","position":2,"name":"Boutique","item":"https://www.2twentyscooters.com/be/boutique/"},{"@type":"ListItem","position":3,"name":"Pièces détachées","item":"https://www.2twentyscooters.com/be/categorie-produit/pieces-detachees-be/"},{"@type":"ListItem","position":4,"name":"Porte bagages avant"}]}]}</script>
<!-- / Yoast SEO plugin. -->

Porte bagages avant pour scooter électrique rétro 2Twenty Roma.

2Twenty Scooter électrique

Pièces détachées
