{"id":41629,"date":"2018-03-05T11:07:22","date_gmt":"2018-03-05T10:10:16","guid":{"rendered":"https:\/\/www.2twentyscooters.com\/produit\/porte-bagages-arriere\/"},"modified":"2018-03-05T11:07:22","modified_gmt":"2018-03-05T10:10:16","slug":"porte-bagages-arriere","status":"publish","type":"product","link":"https:\/\/www.2twentyscooters.com\/be\/produit\/porte-bagages-arriere\/","title":{"rendered":"Porte bagages arri\u00e8re"},"content":{"rendered":"<p>Porte bagages arri\u00e8re pour scooter \u00e9lectrique r\u00e9tro 2Twenty Roma. Facile d&rsquo;installation, il permet de fixer le Top-case 2Twenty sur le scooter. Tr\u00e8s utile pour transporter divers objets et volumes.<\/p>\n<ul>\n<li>Couleur : Chrome<\/li>\n<li>Mat\u00e9riau : Acier<\/li>\n<li>Compatibilit\u00e9 : Scooters Roma<\/li>\n<\/ul>\n<p>A noter\u00a0que le porte bagages arri\u00e8re est d\u00e9j\u00e0 fourni avec le scooter \u00e0 la livraison.<\/p>\n","protected":false},"excerpt":{"rendered":"<p>Porte bagages arri\u00e8re pour scooter \u00e9lectrique r\u00e9tro 2Twenty Roma.\u00a0Voir aussi le <a href=\"https:\/\/www.2twentyscooters.com\/produit\/porte-bagages-avant\/\" target=\"_blank\" rel=\"noopener noreferrer\">porte bagages avant<\/a><\/p>\n","protected":false},"featured_media":39669,"comment_status":"closed","ping_status":"closed","template":"","meta":[],"product_cat":[492],"product_tag":[],"yoast_head":"<!-- This site is optimized with the Yoast SEO plugin v18.4.1 - https:\/\/yoast.com\/wordpress\/plugins\/seo\/ -->\n<title>Porte bagages arri\u00e8re<\/title>\n<meta name=\"robots\" content=\"index, follow, max-snippet:-1, max-image-preview:large, max-video-preview:-1\" \/>\n<link rel=\"canonical\" href=\"https:\/\/www.2twentyscooters.com\/be\/produit\/porte-bagages-arriere\/\" \/>\n<meta property=\"og:locale\" content=\"fr_FR\" \/>\n<meta property=\"og:type\" content=\"article\" \/>\n<meta property=\"og:title\" content=\"Porte bagages arri\u00e8re\" \/>\n<meta property=\"og:description\" content=\"Porte bagages arri\u00e8re pour scooter \u00e9lectrique r\u00e9tro 2Twenty Roma.\u00a0Voir aussi le porte bagages avant\" \/>\n<meta property=\"og:url\" content=\"https:\/\/www.2twentyscooters.com\/be\/produit\/porte-bagages-arriere\/\" \/>\n<meta property=\"og:site_name\" content=\"2Twenty Scooter \u00e9lectrique\" \/>\n<meta property=\"og:image\" content=\"https:\/\/www.2twentyscooters.com\/wp-content\/uploads\/2021\/01\/IMG_20180307_144506-3.jpg\" \/>\n\t<meta property=\"og:image:width\" content=\"960\" \/>\n\t<meta property=\"og:image:height\" content=\"720\" \/>\n\t<meta property=\"og:image:type\" content=\"image\/jpeg\" \/>\n<meta name=\"twitter:card\" content=\"summary\" \/>\n<script type=\"application\/ld+json\" class=\"yoast-schema-graph\">{\"@context\":\"https:\/\/schema.org\",\"@graph\":[{\"@type\":\"Organization\",\"@id\":\"https:\/\/www.2twentyscooters.com\/en\/#organization\",\"name\":\"2twentyscooters\",\"url\":\"https:\/\/www.2twentyscooters.com\/en\/\",\"sameAs\":[],\"logo\":{\"@type\":\"ImageObject\",\"@id\":\"https:\/\/www.2twentyscooters.com\/en\/#logo\",\"inLanguage\":\"fr-BE\",\"url\":\"https:\/\/www.2twentyscooters.com\/wp-content\/uploads\/2022\/03\/2twenty-scooters-logo.png\",\"contentUrl\":\"https:\/\/www.2twentyscooters.com\/wp-content\/uploads\/2022\/03\/2twenty-scooters-logo.png\",\"width\":342,\"height\":55,\"caption\":\"2twentyscooters\"},\"image\":{\"@id\":\"https:\/\/www.2twentyscooters.com\/en\/#logo\"}},{\"@type\":\"WebSite\",\"@id\":\"https:\/\/www.2twentyscooters.com\/en\/#website\",\"url\":\"https:\/\/www.2twentyscooters.com\/en\/\",\"name\":\"2Twenty Scooter \u00e9lectrique\",\"description\":\"\",\"publisher\":{\"@id\":\"https:\/\/www.2twentyscooters.com\/en\/#organization\"},\"potentialAction\":[{\"@type\":\"SearchAction\",\"target\":{\"@type\":\"EntryPoint\",\"urlTemplate\":\"https:\/\/www.2twentyscooters.com\/en\/?s={search_term_string}\"},\"query-input\":\"required name=search_term_string\"}],\"inLanguage\":\"fr-BE\"},{\"@type\":\"ImageObject\",\"@id\":\"https:\/\/www.2twentyscooters.com\/be\/produit\/porte-bagages-arriere\/#primaryimage\",\"inLanguage\":\"fr-BE\",\"url\":\"https:\/\/www.2twentyscooters.com\/wp-content\/uploads\/2021\/01\/IMG_20180307_144506-3.jpg\",\"contentUrl\":\"https:\/\/www.2twentyscooters.com\/wp-content\/uploads\/2021\/01\/IMG_20180307_144506-3.jpg\",\"width\":960,\"height\":720},{\"@type\":\"WebPage\",\"@id\":\"https:\/\/www.2twentyscooters.com\/be\/produit\/porte-bagages-arriere\/#webpage\",\"url\":\"https:\/\/www.2twentyscooters.com\/be\/produit\/porte-bagages-arriere\/\",\"name\":\"Porte bagages arri\u00e8re\",\"isPartOf\":{\"@id\":\"https:\/\/www.2twentyscooters.com\/en\/#website\"},\"primaryImageOfPage\":{\"@id\":\"https:\/\/www.2twentyscooters.com\/be\/produit\/porte-bagages-arriere\/#primaryimage\"},\"datePublished\":\"2018-03-05T10:10:16+00:00\",\"dateModified\":\"2018-03-05T10:10:16+00:00\",\"breadcrumb\":{\"@id\":\"https:\/\/www.2twentyscooters.com\/be\/produit\/porte-bagages-arriere\/#breadcrumb\"},\"inLanguage\":\"fr-BE\",\"potentialAction\":[{\"@type\":\"ReadAction\",\"target\":[\"https:\/\/www.2twentyscooters.com\/be\/produit\/porte-bagages-arriere\/\"]}]},{\"@type\":\"BreadcrumbList\",\"@id\":\"https:\/\/www.2twentyscooters.com\/be\/produit\/porte-bagages-arriere\/#breadcrumb\",\"itemListElement\":[{\"@type\":\"ListItem\",\"position\":1,\"name\":\"Home\",\"item\":\"https:\/\/www.2twentyscooters.com\/be\/\"},{\"@type\":\"ListItem\",\"position\":2,\"name\":\"Boutique\",\"item\":\"https:\/\/www.2twentyscooters.com\/be\/boutique\/\"},{\"@type\":\"ListItem\",\"position\":3,\"name\":\"Pi\u00e8ces d\u00e9tach\u00e9es\",\"item\":\"https:\/\/www.2twentyscooters.com\/be\/categorie-produit\/pieces-detachees-be\/\"},{\"@type\":\"ListItem\",\"position\":4,\"name\":\"Porte bagages arri\u00e8re\"}]}]}<\/script>\n<!-- \/ Yoast SEO plugin. -->","yoast_head_json":{"title":"Porte bagages arri\u00e8re","robots":{"index":"index","follow":"follow","max-snippet":"max-snippet:-1","max-image-preview":"max-image-preview:large","max-video-preview":"max-video-preview:-1"},"canonical":"https:\/\/www.2twentyscooters.com\/be\/produit\/porte-bagages-arriere\/","og_locale":"fr_FR","og_type":"article","og_title":"Porte bagages arri\u00e8re","og_description":"Porte bagages arri\u00e8re pour scooter \u00e9lectrique r\u00e9tro 2Twenty Roma.\u00a0Voir aussi le porte bagages avant","og_url":"https:\/\/www.2twentyscooters.com\/be\/produit\/porte-bagages-arriere\/","og_site_name":"2Twenty Scooter \u00e9lectrique","og_image":[{"width":960,"height":720,"url":"https:\/\/www.2twentyscooters.com\/wp-content\/uploads\/2021\/01\/IMG_20180307_144506-3.jpg","type":"image\/jpeg"}],"twitter_card":"summary","schema":{"@context":"https:\/\/schema.org","@graph":[{"@type":"Organization","@id":"https:\/\/www.2twentyscooters.com\/en\/#organization","name":"2twentyscooters","url":"https:\/\/www.2twentyscooters.com\/en\/","sameAs":[],"logo":{"@type":"ImageObject","@id":"https:\/\/www.2twentyscooters.com\/en\/#logo","inLanguage":"fr-BE","url":"https:\/\/www.2twentyscooters.com\/wp-content\/uploads\/2022\/03\/2twenty-scooters-logo.png","contentUrl":"https:\/\/www.2twentyscooters.com\/wp-content\/uploads\/2022\/03\/2twenty-scooters-logo.png","width":342,"height":55,"caption":"2twentyscooters"},"image":{"@id":"https:\/\/www.2twentyscooters.com\/en\/#logo"}},{"@type":"WebSite","@id":"https:\/\/www.2twentyscooters.com\/en\/#website","url":"https:\/\/www.2twentyscooters.com\/en\/","name":"2Twenty Scooter \u00e9lectrique","description":"","publisher":{"@id":"https:\/\/www.2twentyscooters.com\/en\/#organization"},"potentialAction":[{"@type":"SearchAction","target":{"@type":"EntryPoint","urlTemplate":"https:\/\/www.2twentyscooters.com\/en\/?s={search_term_string}"},"query-input":"required name=search_term_string"}],"inLanguage":"fr-BE"},{"@type":"ImageObject","@id":"https:\/\/www.2twentyscooters.com\/be\/produit\/porte-bagages-arriere\/#primaryimage","inLanguage":"fr-BE","url":"https:\/\/www.2twentyscooters.com\/wp-content\/uploads\/2021\/01\/IMG_20180307_144506-3.jpg","contentUrl":"https:\/\/www.2twentyscooters.com\/wp-content\/uploads\/2021\/01\/IMG_20180307_144506-3.jpg","width":960,"height":720},{"@type":"WebPage","@id":"https:\/\/www.2twentyscooters.com\/be\/produit\/porte-bagages-arriere\/#webpage","url":"https:\/\/www.2twentyscooters.com\/be\/produit\/porte-bagages-arriere\/","name":"Porte bagages arri\u00e8re","isPartOf":{"@id":"https:\/\/www.2twentyscooters.com\/en\/#website"},"primaryImageOfPage":{"@id":"https:\/\/www.2twentyscooters.com\/be\/produit\/porte-bagages-arriere\/#primaryimage"},"datePublished":"2018-03-05T10:10:16+00:00","dateModified":"2018-03-05T10:10:16+00:00","breadcrumb":{"@id":"https:\/\/www.2twentyscooters.com\/be\/produit\/porte-bagages-arriere\/#breadcrumb"},"inLanguage":"fr-BE","potentialAction":[{"@type":"ReadAction","target":["https:\/\/www.2twentyscooters.com\/be\/produit\/porte-bagages-arriere\/"]}]},{"@type":"BreadcrumbList","@id":"https:\/\/www.2twentyscooters.com\/be\/produit\/porte-bagages-arriere\/#breadcrumb","itemListElement":[{"@type":"ListItem","position":1,"name":"Home","item":"https:\/\/www.2twentyscooters.com\/be\/"},{"@type":"ListItem","position":2,"name":"Boutique","item":"https:\/\/www.2twentyscooters.com\/be\/boutique\/"},{"@type":"ListItem","position":3,"name":"Pi\u00e8ces d\u00e9tach\u00e9es","item":"https:\/\/www.2twentyscooters.com\/be\/categorie-produit\/pieces-detachees-be\/"},{"@type":"ListItem","position":4,"name":"Porte bagages arri\u00e8re"}]}]}},"_links":{"self":[{"href":"https:\/\/www.2twentyscooters.com\/be\/wp-json\/wp\/v2\/product\/41629"}],"collection":[{"href":"https:\/\/www.2twentyscooters.com\/be\/wp-json\/wp\/v2\/product"}],"about":[{"href":"https:\/\/www.2twentyscooters.com\/be\/wp-json\/wp\/v2\/types\/product"}],"replies":[{"embeddable":true,"href":"https:\/\/www.2twentyscooters.com\/be\/wp-json\/wp\/v2\/comments?post=41629"}],"version-history":[{"count":0,"href":"https:\/\/www.2twentyscooters.com\/be\/wp-json\/wp\/v2\/product\/41629\/revisions"}],"wp:featuredmedia":[{"embeddable":true,"href":"https:\/\/www.2twentyscooters.com\/be\/wp-json\/wp\/v2\/media\/39669"}],"wp:attachment":[{"href":"https:\/\/www.2twentyscooters.com\/be\/wp-json\/wp\/v2\/media?parent=41629"}],"wp:term":[{"taxonomy":"product_cat","embeddable":true,"href":"https:\/\/www.2twentyscooters.com\/be\/wp-json\/wp\/v2\/product_cat?post=41629"},{"taxonomy":"product_tag","embeddable":true,"href":"https:\/\/www.2twentyscooters.com\/be\/wp-json\/wp\/v2\/product_tag?post=41629"}],"curies":[{"name":"wp","href":"https:\/\/api.w.org\/{rel}","templated":true}]}}

Porte bagages arrière

<p>Porte bagages arrière pour scooter électrique rétro 2Twenty Roma. Facile d&rsquo;installation, il permet de fixer le Top-case 2Twenty sur le scooter. Très utile pour transporter divers objets et volumes.</p>
<ul>
<li>Couleur : Chrome</li>
<li>Matériau : Acier</li>
<li>Compatibilité : Scooters Roma</li>
</ul>
<p>A noter que le porte bagages arrière est déjà fourni avec le scooter à la livraison.</p>

<p>Porte bagages arrière pour scooter électrique rétro 2Twenty Roma. Voir aussi le <a href="https://www.2twentyscooters.com/produit/porte-bagages-avant/" target="_blank" rel="noopener noreferrer">porte bagages avant</a></p>

<!-- This site is optimized with the Yoast SEO plugin v18.4.1 - https://yoast.com/wordpress/plugins/seo/ -->
<title>Porte bagages arrière</title>
<meta name="robots" content="index, follow, max-snippet:-1, max-image-preview:large, max-video-preview:-1" />
<link rel="canonical" href="https://www.2twentyscooters.com/be/produit/porte-bagages-arriere/" />
<meta property="og:locale" content="fr_FR" />
<meta property="og:type" content="article" />
<meta property="og:title" content="Porte bagages arrière" />
<meta property="og:description" content="Porte bagages arrière pour scooter électrique rétro 2Twenty Roma. Voir aussi le porte bagages avant" />
<meta property="og:url" content="https://www.2twentyscooters.com/be/produit/porte-bagages-arriere/" />
<meta property="og:site_name" content="2Twenty Scooter électrique" />
<meta property="og:image" content="https://www.2twentyscooters.com/wp-content/uploads/2021/01/IMG_20180307_144506-3.jpg" />
	<meta property="og:image:width" content="960" />
	<meta property="og:image:height" content="720" />
	<meta property="og:image:type" content="image/jpeg" />
<meta name="twitter:card" content="summary" />
<script type="application/ld+json" class="yoast-schema-graph">{"@context":"https://schema.org","@graph":[{"@type":"Organization","@id":"https://www.2twentyscooters.com/en/#organization","name":"2twentyscooters","url":"https://www.2twentyscooters.com/en/","sameAs":[],"logo":{"@type":"ImageObject","@id":"https://www.2twentyscooters.com/en/#logo","inLanguage":"fr-BE","url":"https://www.2twentyscooters.com/wp-content/uploads/2022/03/2twenty-scooters-logo.png","contentUrl":"https://www.2twentyscooters.com/wp-content/uploads/2022/03/2twenty-scooters-logo.png","width":342,"height":55,"caption":"2twentyscooters"},"image":{"@id":"https://www.2twentyscooters.com/en/#logo"}},{"@type":"WebSite","@id":"https://www.2twentyscooters.com/en/#website","url":"https://www.2twentyscooters.com/en/","name":"2Twenty Scooter électrique","description":"","publisher":{"@id":"https://www.2twentyscooters.com/en/#organization"},"potentialAction":[{"@type":"SearchAction","target":{"@type":"EntryPoint","urlTemplate":"https://www.2twentyscooters.com/en/?s={search_term_string}"},"query-input":"required name=search_term_string"}],"inLanguage":"fr-BE"},{"@type":"ImageObject","@id":"https://www.2twentyscooters.com/be/produit/porte-bagages-arriere/#primaryimage","inLanguage":"fr-BE","url":"https://www.2twentyscooters.com/wp-content/uploads/2021/01/IMG_20180307_144506-3.jpg","contentUrl":"https://www.2twentyscooters.com/wp-content/uploads/2021/01/IMG_20180307_144506-3.jpg","width":960,"height":720},{"@type":"WebPage","@id":"https://www.2twentyscooters.com/be/produit/porte-bagages-arriere/#webpage","url":"https://www.2twentyscooters.com/be/produit/porte-bagages-arriere/","name":"Porte bagages arrière","isPartOf":{"@id":"https://www.2twentyscooters.com/en/#website"},"primaryImageOfPage":{"@id":"https://www.2twentyscooters.com/be/produit/porte-bagages-arriere/#primaryimage"},"datePublished":"2018-03-05T10:10:16+00:00","dateModified":"2018-03-05T10:10:16+00:00","breadcrumb":{"@id":"https://www.2twentyscooters.com/be/produit/porte-bagages-arriere/#breadcrumb"},"inLanguage":"fr-BE","potentialAction":[{"@type":"ReadAction","target":["https://www.2twentyscooters.com/be/produit/porte-bagages-arriere/"]}]},{"@type":"BreadcrumbList","@id":"https://www.2twentyscooters.com/be/produit/porte-bagages-arriere/#breadcrumb","itemListElement":[{"@type":"ListItem","position":1,"name":"Home","item":"https://www.2twentyscooters.com/be/"},{"@type":"ListItem","position":2,"name":"Boutique","item":"https://www.2twentyscooters.com/be/boutique/"},{"@type":"ListItem","position":3,"name":"Pièces détachées","item":"https://www.2twentyscooters.com/be/categorie-produit/pieces-detachees-be/"},{"@type":"ListItem","position":4,"name":"Porte bagages arrière"}]}]}</script>
<!-- / Yoast SEO plugin. -->

Porte bagages arrière pour scooter électrique rétro 2Twenty Roma. Voir aussi le porte bagages avant

2Twenty Scooter électrique

Pièces détachées
